{"id":1847,"date":"2019-08-30T16:02:28","date_gmt":"2019-08-30T14:02:28","guid":{"rendered":"http:\/\/www.rotarylaquila.it\/?page_id=1847"},"modified":"2020-01-20T16:03:22","modified_gmt":"2020-01-20T15:03:22","slug":"2019-perdonanza-rotariana","status":"publish","type":"page","link":"http:\/\/www.rotarylaquila.it\/?page_id=1847","title":{"rendered":"2019 \u2013 PERDONANZA ROTARIANA"},"content":{"rendered":"\n<figure class=\"wp-block-embed-facebook wp-block-embed is-type-rich is-provider-facebook\"><div class=\"wp-block-embed__wrapper\">\nhttps:\/\/www.facebook.com\/rotarylaquila.org\/posts\/1088119521397744\n<\/div><\/figure>\n\n\n\n<p>DON MAZZI PREMIATO DAL ROTARY AQUILANO IN OCCASIONE DELLA PERDONANZA CELESTINIANA<br>\u201cChiedo al Rotary di aiutarmi nel mio ultimo progetto: l\u2019abolizione del carcere minorile. I nostri genitori ci invitavano sempre a stare attenti alle cattive compagnie; cos\u00ec i giovani che sbagliano non vanno messi insieme a quelli peggio di loro ma inseriti in strutture dove sia possibile un vero processo di rinascita\u201d. Cos\u00ec don Antonio Mazzi, fondatore della Fondazione Exodus, ai rotariani de L\u2019Aquila in occasione della consegna del \u201cPremio Rotary Perdonanza 2019\u201d, lo scorso 28 agosto.<br>Il Premio, giunto alla XVII edizione, segna significativamente la partecipazione dei club rotariani del capoluogo abruzzese, il R.C. L\u2019Aquila e il R.C. L\u2019Aquila Gran Sasso, alle manifestazioni della \u201cPerdonanza Celestiniana\u201d, l\u2019evento che da oltre sette secoli ricorda la bolla con cui nel 1294 Papa Celestino V concesse l\u2019indulgenza plenaria a tutti i fedeli che avessero varcato da penitenti la porta santa della Basilica di Collemaggio e che viene considerato il primo Giubileo della storia.<br>La Perdonanza, che a L\u2019Aquila realizza uno straordinario momento comunitario e identitario di fede e storia civile, vede da anni il Rotary in primo piano nella prospettiva di un raccordo pieno e profondo con la comunit\u00e0. La consegna del \u201cPremio\u201d \u00e8 certamente il momento forte di questa partecipazione, soprattutto perch\u00e9 essa conclude una riflessione sui temi propri della Perdonanza. Quest\u2019anno, in un clima reso ancora pi\u00f9 significativo dalla ricorrenza del decennale del tragico terremoto che distrusse la citt\u00e0 alle prime ore del 6 aprile 2009, la consegna \u00e8 avvenuta al termine di un Convegno sul tema \u201cDal perdono di Celestino alla misericordia di Francesco\u201d, svoltasi presso quell\u2019Auditorium Parco del Castello, che fu offerto da Renzo Piano alla citt\u00e0 fra i primi segni di una volont\u00e0 di rinascita culturale, nella salvaguardia della grande tradizione aquilana nel campo musicale.<br>Il Convegno, aperto dai saluti di Basilio Luigi Ciucci, Governatore del Distretto rotariano 2090, di Carlo Fonzi, Presidente del Rotary Club L\u2019Aquila, di Dino Pignatelli, Presidente del Rotary Club L\u2019Aquila Gran Sasso, e di Raffaele Daniele, vicesindaco della citt\u00e0, e brillantemente moderato dal giornalista Giorgio Paravano, ha affrontato il tema del perdono nel suo rapporto con la giustizia e nelle pi\u00f9 ampie accezioni religiose, giuridiche, pedagogiche, etiche, storiche e letterarie. Il Prof. Fabrizio Marinelli, Ordinario dell\u2019Universit\u00e0 degli Studi aquilana, con il tema \u201cIl perdono come forma di giustizia tra Dante e Manzoni\u201d, pur senza perdere di vista il senso giuridico del rapporto tra perdono e giustizia, presente solo marginalmente del nostro ordinamento, ha esteso la riflessione al mondo letterario con particolare riferimento alla Cantica dantesca e al romanzo manzoniano. Sulla \u201cincongruenza\u201d storica della figura di Papa Celestino, il santo eremita Pietro da Morrone, eletto al soglio pontifico nel 1294, ha parlato Walter Capezzali, Presidente della deputazione di Storia Patria nella sua relazione \u201cIl Papa eremita personaggio fuori del suo temo\u201d: l\u2019incongruenza che lo port\u00f2 alla bolla della Perdonanza, rivoluzionaria nella sua gratuit\u00e0 in tempi in cui il perdono delle indulgenze era oggetto di mercificazione, e alla successiva rinuncia al soglio petrino, ma si tratta dell\u2019incongruenza della profezia e dell\u2019essere in anticipo sui tempi. Ovvio quindi il riferimento all\u2019attuale pontificato di Francesco che ha rimesso al centro proprio il tema della misericordia. Ultimo relatore, il vescovo mons. Orlando Antonini, nella sua relazione \u201cL\u2019Aquila, Architetture sacre veicolo di perdono\u201d, dopo aver riflettuto sul senso religioso del perdono, ha compiuto un viaggio tra le \u201cincongruenze\u201d stilistiche di alcune antiche architetture sacre, non dovute certo a errori bens\u00ec alla veicolazione di messaggi simbolici legati alla crocifissione di Cristo, punto nodale della &#8220;historia salutis&#8221; .<br>La conclusione del Convegno ha visto il consegno del Premio alla Fondazione Exodus in persona del fondatore don Antonio Mazzi, le cui motivazioni sono state esposte da Paola Iorio, Presidente della Commissione Rotary Perdonanza. Il ringraziamento di don Mazzi \u00e8 stato un inno all\u2019educazione al perdono, inteso come resurrezione e rinascita. Con un appello particolare: nessuno deve essere considerato irrecuperabile.<br>Angelo Di Summa <\/p>\n","protected":false},"excerpt":{"rendered":"<p>DON MAZZI PREMIATO DAL ROTARY AQUILANO IN OCCASIONE DELLA PERDONANZA CELESTINIANA\u201cChiedo al Rotary di aiutarmi nel mio ultimo progetto: l\u2019abolizione del carcere minorile. I nostri genitori ci invitavano sempre a stare attenti alle cattive compagnie; cos\u00ec i giovani che sbagliano non vanno messi insieme a quelli peggio di loro ma inseriti in strutture dove sia &hellip; <\/p>\n<p class=\"link-more\"><a href=\"http:\/\/www.rotarylaquila.it\/?page_id=1847\" class=\"more-link\">Leggi tutto<span class=\"screen-reader-text\"> &#8220;2019 \u2013 PERDONANZA ROTARIANA&#8221;<\/span><\/a><\/p>\n","protected":false},"author":1,"featured_media":0,"parent":0,"menu_order":0,"comment_status":"closed","ping_status":"closed","template":"","meta":{"footnotes":""},"class_list":["post-1847","page","type-page","status-publish","hentry"],"_links":{"self":[{"href":"http:\/\/www.rotarylaquila.it\/index.php?rest_route=\/wp\/v2\/pages\/1847","targetHints":{"allow":["GET"]}}],"collection":[{"href":"http:\/\/www.rotarylaquila.it\/index.php?rest_route=\/wp\/v2\/pages"}],"about":[{"href":"http:\/\/www.rotarylaquila.it\/index.php?rest_route=\/wp\/v2\/types\/page"}],"author":[{"embeddable":true,"href":"http:\/\/www.rotarylaquila.it\/index.php?rest_route=\/wp\/v2\/users\/1"}],"replies":[{"embeddable":true,"href":"http:\/\/www.rotarylaquila.it\/index.php?rest_route=%2Fwp%2Fv2%2Fcomments&post=1847"}],"version-history":[{"count":3,"href":"http:\/\/www.rotarylaquila.it\/index.php?rest_route=\/wp\/v2\/pages\/1847\/revisions"}],"predecessor-version":[{"id":2063,"href":"http:\/\/www.rotarylaquila.it\/index.php?rest_route=\/wp\/v2\/pages\/1847\/revisions\/2063"}],"wp:attachment":[{"href":"http:\/\/www.rotarylaquila.it\/index.php?rest_route=%2Fwp%2Fv2%2Fmedia&parent=1847"}],"curies":[{"name":"wp","href":"https:\/\/api.w.org\/{rel}","templated":true}]}}