{"id":2279,"date":"2021-08-03T17:41:39","date_gmt":"2021-08-03T15:41:39","guid":{"rendered":"http:\/\/www.rotarylaquila.it\/?page_id=2279"},"modified":"2021-11-01T14:49:03","modified_gmt":"2021-11-01T13:49:03","slug":"mi-chiamo-laudomia-ti-racconto-una-donna-laudomia-bonanni","status":"publish","type":"page","link":"http:\/\/www.rotarylaquila.it\/?page_id=2279","title":{"rendered":"Mi chiamo Laudomia. \u00abTi racconto una donna: Laudomia Bonanni\u00bb"},"content":{"rendered":"\n<h2 class=\"wp-block-heading\">&nbsp;di Ada d&#8217;Alessandro<\/h2>\n\n\n\n<p><\/p>\n\n\n\n<p><strong>Editore:<\/strong> Nicola Palumbi<\/p>\n\n\n\n<p><strong>Anno edizione:<\/strong>&nbsp;2021<\/p>\n\n\n\n<p><strong>In commercio dal:<\/strong>&nbsp;1 gennaio 2021<\/p>\n\n\n\n<p><strong>Pagine:<\/strong>&nbsp;128 p., ill.<\/p>\n\n\n\n<p><strong>EAN:<\/strong>&nbsp;9788872983430<\/p>\n\n\n\n<p>Una donna davvero speciale,&nbsp;<strong>Laudomia Bonanni<\/strong>, racconta ai giovani lettori la sua vita intensa, piena di successi editoriali.<\/p>\n\n\n\n<p>L\u2019autobiografia, frutto di fantasia ma anche di una lunga ricerca documentaria, desidera restituire alle giovani generazioni l\u2019immagine verosimile di una grande scrittrice internazionale. Laudomia fu infatti&nbsp;<em>\u201cuna donna di&nbsp;domani\u201d<\/em>&nbsp;poich\u00e9 scrisse moltissimo su temi ancora attuali.<\/p>\n\n\n\n<p>Per questo motivo, al termine dei brevi capitoli, oltre a curiosi approfondimenti storici e letterari, i lettori troveranno semplici laboratori didattici sulle tematiche da lei affrontate, declinati secondo le indicazioni ministeriali del nuovo insegnamento di \u201cEducazione Civica\u201d.<\/p>\n\n\n\n<p><strong>\u201cMi chiamo Laudomia\u201d<\/strong>&nbsp;\u00e8 un testo originale ed empatico; nato per stimolare la curiosit\u00e0, invitare i lettori a osservare la realt\u00e0 che ci circonda ed esplorare idee e pensieri sotto forma di scrittura creativa, spingerli infine, a visitare i luoghi dove visse Laudomia. Ecco perch\u00e9 il libro diventer\u00e0 un compagno di viaggio a cui affidare pensieri e parole, un diario da conservare con cura.<\/p>\n\n\n\n<p>CON I LABORATORI DI EDUCAZIONE CIVICA<\/p>\n\n\n\n<div class=\"wp-block-buttons is-layout-flex wp-block-buttons-is-layout-flex\">\n<div class=\"wp-block-button\"><a class=\"wp-block-button__link\" href=\"http:\/\/www.edizionipalumbi.it\/laudomiabonanni\/\" target=\"_blank\" rel=\"noreferrer noopener\">http:\/\/www.edizionipalumbi.it\/laudomiabonanni\/<\/a><\/div>\n\n\n\n<div class=\"wp-block-button\"><a class=\"wp-block-button__link\" href=\"http:\/\/www.edizionipalumbi.it\/download\/laudomiabonanni.pdf\" target=\"_blank\" rel=\"noreferrer noopener\">SCARICA IL PDF<\/a><\/div>\n<\/div>\n\n\n\n<p><\/p>\n","protected":false},"excerpt":{"rendered":"<p>&nbsp;di Ada d&#8217;Alessandro Editore: Nicola Palumbi Anno edizione:&nbsp;2021 In commercio dal:&nbsp;1 gennaio 2021 Pagine:&nbsp;128 p., ill. EAN:&nbsp;9788872983430 Una donna davvero speciale,&nbsp;Laudomia Bonanni, racconta ai giovani lettori la sua vita intensa, piena di successi editoriali. L\u2019autobiografia, frutto di fantasia ma anche di una lunga ricerca documentaria, desidera restituire alle giovani generazioni l\u2019immagine verosimile di una grande &hellip; <\/p>\n<p class=\"link-more\"><a href=\"http:\/\/www.rotarylaquila.it\/?page_id=2279\" class=\"more-link\">Leggi tutto<span class=\"screen-reader-text\"> &#8220;Mi chiamo Laudomia. \u00abTi racconto una donna: Laudomia Bonanni\u00bb&#8221;<\/span><\/a><\/p>\n","protected":false},"author":1,"featured_media":2280,"parent":0,"menu_order":0,"comment_status":"closed","ping_status":"closed","template":"","meta":{"footnotes":""},"class_list":["post-2279","page","type-page","status-publish","has-post-thumbnail","hentry"],"_links":{"self":[{"href":"http:\/\/www.rotarylaquila.it\/index.php?rest_route=\/wp\/v2\/pages\/2279","targetHints":{"allow":["GET"]}}],"collection":[{"href":"http:\/\/www.rotarylaquila.it\/index.php?rest_route=\/wp\/v2\/pages"}],"about":[{"href":"http:\/\/www.rotarylaquila.it\/index.php?rest_route=\/wp\/v2\/types\/page"}],"author":[{"embeddable":true,"href":"http:\/\/www.rotarylaquila.it\/index.php?rest_route=\/wp\/v2\/users\/1"}],"replies":[{"embeddable":true,"href":"http:\/\/www.rotarylaquila.it\/index.php?rest_route=%2Fwp%2Fv2%2Fcomments&post=2279"}],"version-history":[{"count":8,"href":"http:\/\/www.rotarylaquila.it\/index.php?rest_route=\/wp\/v2\/pages\/2279\/revisions"}],"predecessor-version":[{"id":2387,"href":"http:\/\/www.rotarylaquila.it\/index.php?rest_route=\/wp\/v2\/pages\/2279\/revisions\/2387"}],"wp:featuredmedia":[{"embeddable":true,"href":"http:\/\/www.rotarylaquila.it\/index.php?rest_route=\/wp\/v2\/media\/2280"}],"wp:attachment":[{"href":"http:\/\/www.rotarylaquila.it\/index.php?rest_route=%2Fwp%2Fv2%2Fmedia&parent=2279"}],"curies":[{"name":"wp","href":"https:\/\/api.w.org\/{rel}","templated":true}]}}