{"id":3150,"date":"2023-07-01T16:50:28","date_gmt":"2023-07-01T14:50:28","guid":{"rendered":"http:\/\/www.rotarylaquila.it\/?page_id=3150"},"modified":"2024-07-17T16:56:49","modified_gmt":"2024-07-17T14:56:49","slug":"la-presidente-rosa-persia","status":"publish","type":"page","link":"http:\/\/www.rotarylaquila.it\/?page_id=3150","title":{"rendered":"La presidente Rosa Persia"},"content":{"rendered":"\n<p>Il martelletto dal 1 luglio per l&#8217;anno sociale 2023-2024 \u00e8 passato alla dott.ssa\u00a0<strong>Rosa Persia<\/strong>.<\/p>\n\n\n\n<figure class=\"wp-block-image size-large\"><img loading=\"lazy\" decoding=\"async\" width=\"324\" height=\"527\" src=\"http:\/\/www.rotarylaquila.it\/wp-content\/uploads\/2023\/08\/rosa-persia_23-24.jpg\" alt=\"\" class=\"wp-image-2834\" srcset=\"http:\/\/www.rotarylaquila.it\/wp-content\/uploads\/2023\/08\/rosa-persia_23-24.jpg 324w, http:\/\/www.rotarylaquila.it\/wp-content\/uploads\/2023\/08\/rosa-persia_23-24-184x300.jpg 184w\" sizes=\"auto, (max-width: 324px) 100vw, 324px\" \/><\/figure>\n\n\n\n<p>Il passaggio di consegne con la presidente uscente\u00a0<strong>Patrizia Masciovecchio<\/strong>\u00a0\u00e8 stato suggellato luned\u00ec sera durante la tradizionale cerimonia del passaggio del martelletto tenutasi presso il monastero \u2013 fortezza di Santo Spirito a Ocre.\u00a0Rosa Persia, rotariana dal 2007, \u00e8 medico pediatra molto apprezzata in citt\u00e0 e di grande professionalit\u00e0. Nel discorso di insediamento Persia ha ringraziato la dottoressa Masciovecchio e il direttivo uscente.\u00a0<em>\u201cSappiamo di dover continuare a percorrere un percorso impegnativo al servizio del nostro territorio. Lo faremo con umilt\u00e0 e spirito di servizio, come sempre determinati a permeare sempre pi\u00f9 il tessuto sociale degli ideali rotariani\u201d.<\/em>\u00a0<\/p>\n\n\n\n<p>Oltre alla presidente Persia, entrano nel&nbsp;<strong>&nbsp;Consiglio Direttivo<\/strong>: Vicepresidente:&nbsp;<strong>Roberto Maccarrone<\/strong>&nbsp;Presidente Incoming:&nbsp;<strong>Nicoletta Proietti<\/strong>&nbsp;Past President:&nbsp;<strong>Patrizia Masciovecchio<\/strong>&nbsp;Segretario:&nbsp;<strong>Marco Iovinelli<\/strong>&nbsp;Tesoriere:&nbsp;<strong>Carlo Fonzi<\/strong>&nbsp;Consiglieri:&nbsp;<strong>Ada D\u2019Alessandro, Sergio Basti, Giorgio Paravano<\/strong>&nbsp;Prefetto:&nbsp;<strong>Barbara Conteduca.<\/strong><\/p>\n\n\n\n<p>Specializzata in pediatria con perfezionamento in neonatologia, la dottoressa Rosa Persia\u00a0 ha ricoperto importanti incarichi professionali sia in campo strettamente medico che accademico insegnamento puericultura ed educazione sanitaria presso la Scuola Infermieri professionale e neonatologia e Ostetricia presso la nostra Universit\u00e0. Responsabile ambulatorio Follow-up Neurologico del neonato a rischio presso la ASL1, la dottoressa Persia ha\u00a0insegnato riabilitazione materno-fetale\/corso di laurea fisioterapia; neonatologia \/corso di laurea ostetricia presso l\u2019universit\u00e0 degli studi dell\u2019Aquila.\u00a0Ha prestato servizio ospedaliero presso i Reparti di Pediatria dei P.O. di Popoli Avezzano e L\u2019Aquila proseguendo la maggior parte della sua attivit\u00e0 come dirigente medico di primo livello presso l\u2019Unit\u00e0 Operativa Complessa di Neonatologia e Terapia Intensiva\u00a0 Neonatale in L\u2019Aquila.Dall\u2019ottobre 2018 ricopre la carica di presidente della Onlus:<strong>\u00a0\u201cAQ per i pi\u00f9 piccoli ONLUS\u201d<\/strong>, che si propone come fine il miglioramento delle condizioni della vita del neonato pretermine e della sua famiglia durante il ricovero e dopo la dimissione.<\/p>\n","protected":false},"excerpt":{"rendered":"<p>Il martelletto dal 1 luglio per l&#8217;anno sociale 2023-2024 \u00e8 passato alla dott.ssa\u00a0Rosa Persia. Il passaggio di consegne con la presidente uscente\u00a0Patrizia Masciovecchio\u00a0\u00e8 stato suggellato luned\u00ec sera durante la tradizionale cerimonia del passaggio del martelletto tenutasi presso il monastero \u2013 fortezza di Santo Spirito a Ocre.\u00a0Rosa Persia, rotariana dal 2007, \u00e8 medico pediatra molto apprezzata &hellip; <\/p>\n<p class=\"link-more\"><a href=\"http:\/\/www.rotarylaquila.it\/?page_id=3150\" class=\"more-link\">Leggi tutto<span class=\"screen-reader-text\"> &#8220;La presidente Rosa Persia&#8221;<\/span><\/a><\/p>\n","protected":false},"author":1,"featured_media":0,"parent":0,"menu_order":0,"comment_status":"closed","ping_status":"closed","template":"","meta":{"footnotes":""},"class_list":["post-3150","page","type-page","status-publish","hentry"],"_links":{"self":[{"href":"http:\/\/www.rotarylaquila.it\/index.php?rest_route=\/wp\/v2\/pages\/3150","targetHints":{"allow":["GET"]}}],"collection":[{"href":"http:\/\/www.rotarylaquila.it\/index.php?rest_route=\/wp\/v2\/pages"}],"about":[{"href":"http:\/\/www.rotarylaquila.it\/index.php?rest_route=\/wp\/v2\/types\/page"}],"author":[{"embeddable":true,"href":"http:\/\/www.rotarylaquila.it\/index.php?rest_route=\/wp\/v2\/users\/1"}],"replies":[{"embeddable":true,"href":"http:\/\/www.rotarylaquila.it\/index.php?rest_route=%2Fwp%2Fv2%2Fcomments&post=3150"}],"version-history":[{"count":1,"href":"http:\/\/www.rotarylaquila.it\/index.php?rest_route=\/wp\/v2\/pages\/3150\/revisions"}],"predecessor-version":[{"id":3152,"href":"http:\/\/www.rotarylaquila.it\/index.php?rest_route=\/wp\/v2\/pages\/3150\/revisions\/3152"}],"wp:attachment":[{"href":"http:\/\/www.rotarylaquila.it\/index.php?rest_route=%2Fwp%2Fv2%2Fmedia&parent=3150"}],"curies":[{"name":"wp","href":"https:\/\/api.w.org\/{rel}","templated":true}]}}