{"id":3162,"date":"2024-07-17T17:27:26","date_gmt":"2024-07-17T15:27:26","guid":{"rendered":"http:\/\/www.rotarylaquila.it\/?page_id=3162"},"modified":"2024-07-17T17:27:26","modified_gmt":"2024-07-17T15:27:26","slug":"la-presidente-2024-25-nicoletta-proietti","status":"publish","type":"page","link":"http:\/\/www.rotarylaquila.it\/?page_id=3162","title":{"rendered":"La presidente 2024-25 Nicoletta Proietti"},"content":{"rendered":"\n<p>Laureata in scienze dell\u2019alimentazione e nutrizione umana.<\/p>\n\n\n\n<p>Settore professionale<br>SALUTE E BENESSERE<\/p>\n\n\n\n<figure class=\"wp-block-image size-large\"><img loading=\"lazy\" decoding=\"async\" width=\"1771\" height=\"2560\" src=\"http:\/\/www.rotarylaquila.it\/wp-content\/uploads\/2024\/07\/Nicoletta-Proietti-scaled.jpg\" alt=\"\" class=\"wp-image-3156\"\/><\/figure>\n\n\n\n<p><br>Esperienza professionale<br>NUOVO CENTRO MEDICO, VIA SARAGAT, L\u2019AQUILA<br>DOCENTE PER CSEN E CONI NEI PERCORSI DIDATTICI RICONOSCIUTI IN PERSONAL LIFESTYLE COACH, I, II E III LIVELLO, WELLNES REPRESENTATIVE E PERSONAL BEAUTY COACH.<br>DAL 1998 TIENE CORSI IN TEMA DI INTEGRAZIONE ALIMENTARE, RELATIVAMENTE ALLE MODALIT\u00c0 DI IMPIEGO RAZIONALE E DI CORRETTA COMUNICAZIONE<br>DISCRETA CONOSCENZA DELLA FITOTERAPIA, IN AMBITO TEORICO ED APPLICATIVO<\/p>\n\n\n\n<p><br>Istruzione e formazione<br>LAUREA IN SCIENZE DELL\u2019ALIMENTAZIONE E NUTRIZIONE UMANA<br>HA FREQUENTATO IL CORSO TRIENNALE SCIENZE E TECNOLOGIE DEL FITNESS E PRODOTTI DELLA SALUTE<br>DIPLOMA OPERATORE BLS-D ADULTO, BAMBINO, LATTANTE, SALVAMENTO AGENCY EMERGENZA<br>EDUCATORE ALIMENTARE ALIMENTAZIONE VEGETARIANA E VEGANA, CSEN<br>EDUCATORE ALIMENTARE PER LO SPORT, CSEN<br>EDUCATORE ALIMENTARE PER IL FITNESS, CSEN<\/p>\n\n\n\n<p>Capacit\u00e0 e competenze sociali<br>ROTARY CLUB L\u2019AQUILA<br>PRESIDENTE INCOMING A.R. 2023\/24<br>VICEPRESIDENTE A.R. 2022\/23<br>PAUL HARRIS FELLOW A.R, 2021\/22<br>SEGRETARIO DI CLUB, A.R. 2021\/22<br>SEGRETARIO DI CLUB, A.R. 2020\/21<br>SEGRETARIO DI CLUB, A.R. 2019\/20<br>PAUL HARRIS FELLOW A.R, 2018\/19<br>SEGRETARIO DI CLUB, A.R. 2018\/19<br>PREFETTO DEL RC L\u2019AQUILA A.R. 2017\/18<br>DIVENTA SOCIO DEL RC L\u2019AQUILA IL 29\/09\/2016<\/p>\n\n\n\n<p><br>ASSOCIAZIONE CULTURALE DE HISTORIA<br>PRESIDENTE IN CARICA<br>AINWA, ASSOCIAZIONE ITALIANA NORDIC WALKING APPLICATO<br>VICEPRESIDENTE<br>A.L.B.A. (ASS.NE LIFESTYLE, BENESSERE E ALIMENTAZIONE)<br>COMPONENTE DEL CONSIGLIO DIRETTIVO<br>PER A.L.B.A. NEL 2015 HA CONSEGNATO IN VATICANO A PAPA FRANCESO LA II EDIZIONE DEL PREMIO NAZIONALE A.L.B.A. DEDICATO ALL\u2019ENCICLICA LAUDATO S\u00cc<\/p>\n\n\n\n<p><br>Capacit\u00e0 e competenze tecniche<br>\u00c8 SMART COACH \u2013 FIPAV \u2013 Federazione Italina Pallavolo<br>\u00c8 ISTRUTTORE DI NORDIC WALKING, II LIVELLO SNAQ CONI<br>\u00c8 STATA AGONISTA DI PALLAVOLO<br><br>Capacit\u00e0 e competenze letterarie<br>(pubblicazioni edite)<br>CUCINA E TRADIZIONE IN TERRA D\u2019ABRUZZO, (FATATI G. FAGNANI F., PROIETTI N.), PACINI EDITORE, OTTOBRE 2017<br><\/p>\n\n\n\n<p>ALIMENTAZIONE E STILE DI VITA NEL MEDIOEVO, (FATATI G. FAGNANI F., PROIETTI N.), PACINI EDITORE, SETTEMBRE 2014<br><\/p>\n\n\n\n<p>APPRENDERE L\u2019ESERCIZIO PER POI PRESCRIVERLO. SEZIONE POSTER, RIF.113, CO- AUTORI: G. D\u2019ASCENZO, F. DI GIULIO, F. FAGNANI, N. PROIETTI, G. FATATI. CONGRESSO NAZIONALE ADI, DALLA TEORIA ALLA PRATICA CLINICA. IL CONFRONTO DELLE ESPERIENZE, FIRENZE 8-10 NOVEMBRE 2012<\/p>\n\n\n\n<p><br>AMMINISTRAZIONE, SALUTE E SUGGERIMENTI ALLA FAMIGLIA, MANUALETTO D\u2019ISTRUZIONE, IN COLLABORAZIONE CON EAHC (EXECUTIVE AGENCY FOR HEALTH AND CONSUMERS), NELL\u2019AMBITO DEL PROGETTO PO.HE. FA, 2011<\/p>\n","protected":false},"excerpt":{"rendered":"<p>Laureata in scienze dell\u2019alimentazione e nutrizione umana. Settore professionaleSALUTE E BENESSERE Esperienza professionaleNUOVO CENTRO MEDICO, VIA SARAGAT, L\u2019AQUILADOCENTE PER CSEN E CONI NEI PERCORSI DIDATTICI RICONOSCIUTI IN PERSONAL LIFESTYLE COACH, I, II E III LIVELLO, WELLNES REPRESENTATIVE E PERSONAL BEAUTY COACH.DAL 1998 TIENE CORSI IN TEMA DI INTEGRAZIONE ALIMENTARE, RELATIVAMENTE ALLE MODALIT\u00c0 DI IMPIEGO RAZIONALE &hellip; <\/p>\n<p class=\"link-more\"><a href=\"http:\/\/www.rotarylaquila.it\/?page_id=3162\" class=\"more-link\">Leggi tutto<span class=\"screen-reader-text\"> &#8220;La presidente 2024-25 Nicoletta Proietti&#8221;<\/span><\/a><\/p>\n","protected":false},"author":1,"featured_media":0,"parent":0,"menu_order":0,"comment_status":"closed","ping_status":"closed","template":"","meta":{"footnotes":""},"class_list":["post-3162","page","type-page","status-publish","hentry"],"_links":{"self":[{"href":"http:\/\/www.rotarylaquila.it\/index.php?rest_route=\/wp\/v2\/pages\/3162","targetHints":{"allow":["GET"]}}],"collection":[{"href":"http:\/\/www.rotarylaquila.it\/index.php?rest_route=\/wp\/v2\/pages"}],"about":[{"href":"http:\/\/www.rotarylaquila.it\/index.php?rest_route=\/wp\/v2\/types\/page"}],"author":[{"embeddable":true,"href":"http:\/\/www.rotarylaquila.it\/index.php?rest_route=\/wp\/v2\/users\/1"}],"replies":[{"embeddable":true,"href":"http:\/\/www.rotarylaquila.it\/index.php?rest_route=%2Fwp%2Fv2%2Fcomments&post=3162"}],"version-history":[{"count":1,"href":"http:\/\/www.rotarylaquila.it\/index.php?rest_route=\/wp\/v2\/pages\/3162\/revisions"}],"predecessor-version":[{"id":3164,"href":"http:\/\/www.rotarylaquila.it\/index.php?rest_route=\/wp\/v2\/pages\/3162\/revisions\/3164"}],"wp:attachment":[{"href":"http:\/\/www.rotarylaquila.it\/index.php?rest_route=%2Fwp%2Fv2%2Fmedia&parent=3162"}],"curies":[{"name":"wp","href":"https:\/\/api.w.org\/{rel}","templated":true}]}}